-68*k = -93*k + 34725. What are the prime factors of k?
3, 463
Let b = 128 - 29. Let t = 170 - b. List the prime factors of t.
71
Suppose 5*a - 4*f - 160 = 0, a = -a + 3*f + 71. Suppose -4*u = -u - 33. Let o = u + a. List the prime factors of o.
3, 13
Let p(l) = 3*l**2 + 31*l - 51. List the prime factors of p(-19).
443
Suppose 4*h + 4*d = 12, -2*h + d + 6 = -9. Suppose -3*b + 40 = -b. Suppose -2*v + b = h. What are the prime factors of v?
7
Let q be 135/(-12) - 12/16. List the prime factors of 2/q + (-597)/(-18).
3, 11
Let y be 20/8*(-20)/(-25). Suppose 5*m - 3 = -5*q - 13, -y*q - 5*m - 16 = 0. Suppose 5*c - 23 = -2*v, q*v - 18 + 1 = c. What are the prime factors of v?
3
Let d(b) = -504*b - 226. List the prime factors of d(-7).
2, 13, 127
Let v(z) = 12 - 7*z + 26*z**3 - 5*z**2 - 4 - 25*z**3. Let h be v(6). Let d(t) = 6*t**3 - 2*t**2 + 2*t - 2. List the prime factors of d(h).
2, 3, 7
Suppose 813 = 2*t - 5*z, -5*t - z = -2*z - 1975. What are the prime factors of t?
2, 197
Suppose 9*r - 836 = 1243. Let v = -101 + r. What are the prime factors of v?
2, 5, 13
Let l(a) = a**3 - 16*a**2 - 20*a - 17. Suppose -s = -2*z - 9, -s - 3*z + 1 = -7*z. Let u be l(s). Let h = u + 97. What are the prime factors of h?
29
Suppose -4*u + 5646 = 5*m, 3*m - 7041 = -5*u + 5*m. What are the prime factors of u?
1409
Suppose -3*y - 3837 = -6*y - 2*f, -f - 5105 = -4*y. List the prime factors of y.
1277
Suppose 3*y = 4*v - 49 + 9, 4*v - 16 = 0. Let r be (-2)/y*(1 + -5). Let w = r - -29. What are the prime factors of w?
2, 7
Suppose 0 = 2*r + 4*l - 660, -4*r + 5*l + 729 = -539. List the prime factors of r.
2, 7, 23
Let d be 56/12 - 2/(-6). Let a be d + 36 + -2 + 1. Suppose -r = 9 - a. What are the prime factors of r?
31
Let v(a) = -a**3 - 18*a**2 + 41*a + 333. List the prime factors of v(-20).
313
What are the prime factors of 16/(-168) - 9340/84*-11?
1223
Suppose 51150 = -2*g + 35*g. What are the prime factors of g?
2, 5, 31
Let w be 596/10 - (-8)/20. Suppose 4*a - w = 28. List the prime factors of a.
2, 11
Let p = 8 - 5. Let q be ((-3)/(-6))/(p/(-18)). Let w = -1 - q. What are the prime factors of w?
2
Let v be (-20)/(-140) - 27/(-7). Suppose 2*j = 5*j, v*j = -4*n - 40. What are the prime factors of (-749)/(-35) - (-4)/n?
3, 7
Let f be 1 - (-3 + 4/1)/(-1). List the prime factors of (-3 + 5/f)/((-2)/40).
2, 5
Suppose 0 = 4*f + 612 - 2268. List the prime factors of f.
2, 3, 23
Suppose 972 = 5*z + 92. Suppose 2*l - 109 = -5*s, 3*l + s = 6*s + z. List the prime factors of l.
3, 19
Suppose 0 = -7*z + 44 + 397. What are the prime factors of 3 + (2 - 2) + z?
2, 3, 11
Suppose -u + 12 = 3*u. Let g be 0 + (u - -1) + 0. Suppose g*v - 6*v = -10. List the prime factors of v.
5
Suppose 0 = -4*y - 16, 0*k - 17 = -3*k + 2*y. Suppose 1 = 2*x - k. Suppose -11 = -x*l + 17. List the prime factors of l.
2, 7
Suppose 4*u + u + 21 = -3*a, 5*a = -u - 13. List the prime factors of a/(-2) + 156/4.
2, 5
Let c be (12/14)/(6/21). Suppose -4*l - 4*z = -24, -z + 12 = -c*l + 7*l. Suppose 78 = l*k + f, -2*k = 4*f - 51 - 33. What are the prime factors of k?
2, 19
Let k(y) = 496*y**2 + 21. List the prime factors of k(-3).
3, 5, 13, 23
What are the prime factors of ((-144437)/(-215))/((-2)/(-10))?
3359
Let a(o) = -o + 1. Let c be a(-2). Suppose 20 = -3*f + j + 4, c*f + 26 = -4*j. List the prime factors of 5 + f - -1*18.
17
List the prime factors of 1*10248/26 + 6/(-39).
2, 197
Suppose 4*g + 2 = 10. Suppose -40 = -2*x - g*x. Let u = 38 - x. List the prime factors of u.
2, 7
Let g be (4/10)/((-4)/(-60)). Let i be (-684)/(-27) - 2/g. Let v = i - -6. What are the prime factors of v?
31
Let z = -374 + 624. What are the prime factors of z?
2, 5
Suppose -4 = 4*i + 24. List the prime factors of (8/10)/(i/(-140)).
2
Let d(c) = 472*c**2 + c. What are the prime factors of d(-1)?
3, 157
Let m(t) = t**2 - 6*t - 4. Let u be m(8). What are the prime factors of 2*(-82)/3*(-9)/u?
41
Suppose -2*c - s + 2114 = -3*s, 5*c = 2*s + 5273. What are the prime factors of c?
3, 13
Let c(n) be the second derivative of 7*n**3/6 - 7*n**2 + 3*n. Suppose -7*j + 2*j = 2*y - 32, 5*j = 2*y + 8. List the prime factors of c(y).
2, 7
What are the prime factors of 1689 - (-3 - 0) - 10?
2, 29
Let y(s) = -s**2 - 6*s - 1. Let x be y(-4). Suppose -230 = -x*p + 2*p. List the prime factors of p.
2, 23
Suppose -3*x + 4*c - 47 = 0, -x - 2*c + 3 - 2 = 0. Let k = 12 + x. Suppose k*h + 4 = 5*s - 7, 5*s + 2*h = 26. List the prime factors of s.
2
Let j be (-1 + -15)*25/(-50). Suppose -j*l = -17*l + 1980. List the prime factors of l.
2, 5, 11
Let c be 27/45 - 14/(-10). Suppose 0 = -5*v + 5*b + 1200, c*v - 631 = 5*b - 160. What are the prime factors of v?
3
Let a(r) = 33*r - 68. What are the prime factors of a(41)?
5, 257
Let y be ((-90)/75)/((-2)/5). Suppose 2*l - 260 = -y*l. List the prime factors of l.
2, 13
Suppose -v + 5*z = -1795, -4*v - 3762 = 3*z - 11011. What are the prime factors of v?
2, 5, 181
Let r be (-6)/4*(-32)/12. Let o = -1 + r. Suppose 0 = -i + 5*h + 44, 4*h = 4*i + o*h - 176. List the prime factors of i.
2, 11
Let q = 24 - -351. List the prime factors of q.
3, 5
Suppose -5*y = -4 - 31. Suppose 6*d = y*d - 2. Suppose j + 86 = 4*o, -5*o + o + d*j + 88 = 0. What are the prime factors of o?
3, 7
Let x = -20 - -29. Suppose -3*z = -5*j - 8*z + 5, -j + x = -3*z. Suppose -j*l + 0*l = -36. List the prime factors of l.
2, 3
Let p = 374 - 253. Suppose 3*i - 5*x - 337 = -p, 3*i = -3*x + 192. What are the prime factors of i?
67
Suppose p + 4*d - 77 = 0, 0*d - 198 = -3*p - d. Let r = p + 136. List the prime factors of r.
3, 67
Let p(z) = 28*z - 6*z**2 + 2 + 2*z**3 - 26*z + z**2. Let g be p(4). Let n = 84 - g. List the prime factors of n.
2, 13
Let a = 1179 + -656. List the prime factors of a.
523
Suppose 10*x = 7*x - 5*c + 4238, 2*x - 2824 = -4*c. List the prime factors of x.
2, 3, 59
Let p(w) = 19*w - 1. Let x be p(3). Suppose -3*d = 5*b - 45, d = -4*d - 2*b + x. What are the prime factors of d - 1 - (2 + -4)?
11
Let g(t) = -t**3 + t**2 + t + 1. Let z(s) = 5*s**3 - 16*s**2 - 15*s - 8. Let w(y) = 4*g(y) + z(y). What are the prime factors of w(13)?
2, 11
Let g(t) be the second derivative of t**3/3 + 7*t**2/2 - 6*t. Let b be g(-16). What are the prime factors of (20/b)/(4/(-220))?
2, 11
Let c = 102 + -30. What are the prime factors of ((-1)/3)/((-3)/c)?
2
Suppose 0 = -2*q + 6*q + v - 339, 2*q - v - 165 = 0. Suppose 0 = -u + 5*g + q, 5*g - 3 = 4*g. List the prime factors of u.
3, 11
Let u be 4 - (3 - (2 + 0)). List the prime factors of (2/(-4))/((u + -4)/204).
2, 3, 17
Let y(l) = -l**3 + l**2 + l. Let q be y(1). Let n be -2 - q*(-2)/2. What are the prime factors of ((-2)/(-2))/n*-31?
31
Let k be -3 + (-3 - (2 - 7)). What are the prime factors of 21888/90 - k/(-5)?
3
Suppose w = -2*a + 3, -15 = -4*a + 4*w + 21. Suppose 5*s + 169 = 4*x, a*x + 3*s = x + 120. List the prime factors of x.
41
Suppose 0 = 4*k - t + 3*t - 1500, 2*k - 742 = -3*t. Suppose -3*i + 2*q = -q - 372, -2*q - k = -3*i. List the prime factors of i.
3, 43
Let g be (-1 - -1) + (-24)/(-4). Suppose g*i = 3*i + 213. What are the prime factors of i?
71
Let s(k) = -1. Let a(o) = 4*o - 16. Let c(y) = -a(y) - 6*s(y). What are the prime factors of c(-24)?
2, 59
Suppose 0 = -5*n - 152 + 207. What are the prime factors of n?
11
What are the prime factors of (-2)/((-13)/((-30745)/(-10)))?
11, 43
List the prime factors of 2 - 6 - (-141 + -3)*1.
2, 5, 7
Suppose 40*d - 20328 = 18*d. What are the prime factors of d?
2, 3, 7, 11
Let k be (-1*3)/((-12)/376). Suppose -2*b - 5*a + 86 = -117, -5*a = -b + k. What are the prime factors of (-12)/(-3) + b/3?
37
Let y be ((-4)/(-12))/((-2)/24). Let h be 1260/12 + 1*y. Let u = 149 - h. What are the prime factors of u?
2, 3
Let x(r) = -94*r + 46. List the prime factors of x(-5).
2, 3, 43
Suppose 3*j = 5*j - 14. Let h(o) = 2*o**2 - 9*o + 17. List the prime factors of h(j).
2, 13
Let o = 837 + -278. Suppose -4*r + o = 83. Suppose 18 = -3*s + 2*c + r, 2*c + 35 = s. What are the prime factors of s?
3, 11
Let u be 1*5 + (3 - 6). Suppose 0 = -2*y - 2*y - 4*i + 20, 5*y - u*i + 10 = 0. Suppose y*f = 3*f - 102. List the prime factors of f.
2, 17
Let f be 6/9*(-129)/(-2). Let a = 107 - f. What are the prime factors of a?
2
Let p(x) = 0*x - 4 - 3*x + 2*x. Let w be p(-3). List t